04784 is divided by 1613.
1605
Calculate the remainder when 19394995 is divided by 1367.
1366
What is the remainder when 2436375 is divided by 72?
39
What is the remainder when 74971488 is divided by 26?
20
What is the remainder when 23940637 is divided by 5985154?
21
Calculate the remainder when 173891 is divided by 1160.
1051
Calculate the remainder when 236428 is divided by 355.
353
Calculate the remainder when 596220 is divided by 34.
30
What is the remainder when 3557922 is divided by 1651?
17
What is the remainder when 9611570 is divided by 291259?
23
What is the remainder when 3690332 is divided by 11354?
282
What is the remainder when 759878 is divided by 253291?
5
Calculate the remainder when 8270189 is divided by 21.
11
What is the remainder when 127826 is divided by 230?
176
Calculate the remainder when 80401302 is divided by 276.
18
Calculate the remainder when 327629 is divided by 411.
62
Calculate the remainder when 5626983 is divided by 1000.
983
What is the remainder when 121067571 is divided by 3683?
3678
Calculate the remainder when 155841 is divided by 15581.
31
What is the remainder when 233131 is divided by 4556?
775
What is the remainder when 9755148 is divided by 1752?
12
What is the remainder when 493049 is divided by 605?
579
What is the remainder when 355704 is divided by 25037?
5186
Calculate the remainder when 21098022 is divided by 15.
12
What is the remainder when 252397 is divided by 15?
7
What is the remainder when 182029678 is divided by 84?
82
Calculate the remainder when 18269861 is divided by 142733.
37
Calculate the remainder when 105764 is divided by 604.
64
What is the remainder when 12424642 is divided by 1566?
1564
What is the remainder when 60474547 is divided by 622?
597
What is the remainder when 4378327 is divided by 645?
67
What is the remainder when 116812 is divided by 38919?
55
Calculate the remainder when 184139 is divided by 448.
11
What is the remainder when 1048778 is divided by 1079?
1069
Calculate the remainder when 158901907 is divided by 1201.
1200
Calculate the remainder when 2268336 is divided by 3297.
0
What is the remainder when 166353147 is divided by 16?
11
What is the remainder when 187232 is divided by 4458?
4454
What is the remainder when 29279842 is divided by 73?
53
Calculate the remainder when 1167597 is divided by 278.
275
Calculate the remainder when 112627 is divided by 1606.
207
Calculate the remainder when 6012998 is divided by 2839.
2835
Calculate the remainder when 164302 is divided by 84.
82
What is the remainder when 3541953 is divided by 694?
471
What is the remainder when 3920645 is divided by 7?
1
What is the remainder when 20797474 is divided by 1743?
1741
Calculate the remainder when 552370 is divided by 1566.
1138
What is the remainder when 37972815 is divided by 18?
15
What is the remainder when 24271321 is divided by 8090365?
226
Calculate the remainder when 20487 is divided by 3637.
2302
What is the remainder when 288255 is divided by 47030?
6075
Calculate the remainder when 36241 is divided by 101.
83
Calculate the remainder when 744295 is divided by 225.
220
Calculate the remainder when 134036 is divided by 5583.
44
Calculate the remainder when 9274411 is divided by 151.
142
Calculate the remainder when 161347 is divided by 50.
47
Calculate the remainder when 2600150 is divided by 4.
2
Calculate the remainder when 46546102 is divided by 88.
86
Calculate the remainder when 45559443 is divided by 1659.
1644
What is the remainder when 1218197 is divided by 135355?
2
What is the remainder when 174681 is divided by 24887?
472
What is the remainder when 229484 is divided by 229380?
104
What is the remainder when 39590 is divided by 39344?
246
Calculate the remainder when 1672223 is divided by 129.
125
What is the remainder when 53141225 is divided by 143?
137
Calculate the remainder when 155269 is divided by 193.
97
Calculate the remainder when 893236 is divided by 9215.
8596
Calculate the remainder when 79917293 is divided by 54.
47
Calculate the remainder when 90037662 is divided by 45.
42
What is the remainder when 2564408217 is divided by 1390?
1387
Calculate the remainder when 106296 is divided by 752.
264
Calculate the remainder when 29688 is divided by 2655.
483
Calculate the remainder when 26021 is divided by 23494.
2527
What is the remainder when 47944741 is divided by 957?
955
What is the remainder when 210843865 is divided by 16?
9
What is the remainder when 27245694 is divided by 24?
6
Calculate the remainder when 2597483 is divided by 2597358.
125
Calculate the remainder when 5249135 is divided by 2454.
29
What is the remainder when 3619719 is divided by 763?
47
What is the remainder when 133413 is divided by 3775?
1288
What is the remainder when 67047633 is divided by 11?
4
What is the remainder when 78387 is divided by 12429?
3813
Calculate the remainder when 272118 is divided by 154.
0
Calculate the remainder when 379239 is divided by 2562.
63
What is the remainder when 1677944 is divided by 804?
800
Calculate the remainder when 11960776 is divided by 1285.
1281
What is the remainder when 3528090 is divided by 5128?
26
What is the remainder when 90547 is divided by 2160?
1987
Calculate the remainder when 458544 is divided by 3119.
51
What is the remainder when 43858 is divided by 1408?
210
What is the remainder when 63278 is divided by 134?
30
What is the remainder when 1109630 is divided by 437?
87
What is the remainder when 44508 is divided by 6838?
3480
What is the remainder when 143687517 is divided by 29?
28
Calculate the remainder when 50154534 is divided by 15.
9
What is the remainder when 14411220 is divided by 27?
24
Calculate the remainder when 98435 is divided by 2873.
753
Calculate the remainder when 19485 is divided by 69.
27
What is the remainder when 2535356 is divided by 6586?
6332
What is the remainder when 1263236 is divided by 319?
315
Calculate the remainder when 2676268 is divided by 2611.
2604
Calculate the remainder when 22521351 is divided by 88319.
6
Calculate the remainder when 3493792 is divided by 9520.
9472
Calculate the remainder when 892079 is divided by 117.
71
Calculate the remainder when 2478679 is divided by 1239264.
151
What is the remainder when 76220 is divided by 129?
110
What is the remainder when 1283829 is divided by 267?
93
Calculate the remainder when 90284 is divided by 11242.
348
What is the remainder when 14269771 is divided by 7134875?
21
Calculate the remainder when 206698 is divided by 29326.
1416
Calculate the remainder when 28768965 is divided by 28768921.
44
What is the remainder when 17601369 is divided by 35848?
1
Calculate the remainder when 290593 is divided by 140802.
8989
Calculate the remainder when 333238 is divided by 9364.
5498
Calculate the remainder when 2878365 is divided by 719589.
9
Calculate the remainder when 79848 is divided by 26585.
93
Calculate the remainder when 6046709 is divided by 545.
479
Calculate the remainder when 31615 is divided by 788.
95
What is the remainder when 158039 is divided by 11287?
21
Calculate the remainder when 7527190 is divided by 766.
474
What is the remainder when 1939647 is divided by 1641?
1626
What is the remainder when 40616 is divided by 13482?
170
Calculate the remainder when 3039472 is divided by 1519705.
62
Calculate the remainder when 15288056 is divided by 2547997.
74
What is the remainder when 124457 is divided by 505?
227
Calculate the remainder when 5838 is divided by 896.
462
Calculate the remainder when 3095668 is divided by 1547828.
12
Calculate the remainder when 95083 is divided by 15800.
283
Calculate the remainder when 1562915 is divided by 3189.
305
Calculate the remainder when 1718654489 is divided by 21.
20
Calculate the remainder when 15816635 is divided by 977.
959
What is the remainder when 50845992 is divided by 5485?
42
Calculate the remainder when 2344083 is divided by 43.
24
Calculate the remainder when 44658 is divided by 1862.
1832
What is the remainder when 2021 is divided by 531?
428
What is the remainder when 562454 is divided by 321?
62
What is the remainder when 504080985 is divided by 12?
9
What is the remainder when 2450813 is divided by 1225397?
19
Calculate the remainder when 3189954 is divided by 360